et k be s(8). What is the highest common factor of k and 28?
7
Suppose 3135 = 21*m + 720. What is the highest common divisor of 184 and m?
23
Suppose 0*a + 18 = 6*a. Let v(t) = 0 - 3*t**2 + 8 - t**2 - 5*t - 2 + t**a. Let q be v(5). What is the greatest common divisor of 12 and q?
6
Suppose -4*l = -22 - 26. Let u(t) = t - 5. Let v be u(l). Let f be (-3)/v + (225/35 - 0). Calculate the highest common divisor of 12 and f.
6
Let x be (-15)/6*2*(-324)/45. Suppose -a - q + 84 = a, -q - x = -a. Calculate the greatest common divisor of a and 540.
20
Suppose -v = 3*k - 165, -k - 191*v + 59 = -192*v. Calculate the highest common divisor of 371 and k.
7
Let b = 4 + -2. Suppose z = b*s + 302 - 45, -3*z + 755 = 2*s. Suppose -115 = -7*n + 2*n. What is the greatest common factor of z and n?
23
Suppose -2*m = -8, -49*i + 50*i = -3*m + 1347. What is the greatest common divisor of 120 and i?
15
Suppose 4*n - 647 = 4*c + 485, -2*c + 4 = 0. Let p = n - 282. Calculate the highest common divisor of p and 19.
1
Suppose -3*i + 690 = 249. Suppose 2402*w + 23523 = -5001*w + 1165*w + 60951. Calculate the highest common factor of i and w.
3
Let a = -2069 + 2077. What is the greatest common factor of a and 356?
4
Suppose 0 = -k + 30 + 25. Let y = -30 + k. Let g be (23 - y)/(-1*2/12). What is the highest common divisor of 60 and g?
12
Let h(x) = -16*x**3 + 164*x**2 - 4*x - 88. Let m be h(10). What is the greatest common factor of m and 3128?
136
Let u(y) = -503*y - 4302. Let o be u(-10). What is the highest common factor of o and 832?
104
Let g(c) = c**3 - 23*c**2 - 86*c - 78. Let o be g(28). What is the greatest common factor of 6 and o?
6
Let v(j) = 2*j**2 + 84*j + 87. Let o be v(-41). Suppose -c = o, 5*l - c + 15 = 80. What is the highest common divisor of 12 and l?
12
Let x be (336/98)/((-16)/(-280)). What is the highest common divisor of x and 1275?
15
Let n be ((-8)/28 - (-18)/14)/1. Let g be (n - -2)/((-18)/(-12)). Suppose -67 = -g*r + 17. What is the highest common factor of 63 and r?
21
Suppose -11*u = -6*u - 220. Let c = 5 - 0. Suppose -5*g - 34 = -4*f, c*f - 7*g = -3*g + 47. What is the greatest common divisor of u and f?
11
Let b(c) = c**2 + c. Let l be b(0). Suppose -5*d + 190 + 405 = l. Let x = 7162 - 7155. What is the highest common divisor of d and x?
7
Suppose -37 = 2*y - 27. Let t be (-12)/y + 30/50. What is the greatest common divisor of 3 and t?
3
Suppose 2*j + 1246*u - 1243*u - 8963 = 0, 0 = 4*j - 3*u - 17899. Calculate the highest common divisor of 111 and j.
37
Suppose -29 = -5*g - 2*r, 13 = 3*g + 4*r - 5*r. Suppose 30 = 5*w + g. Suppose j = 3, -s + 26 + 10 = w*j. What is the highest common divisor of 3 and s?
3
Suppose 0 = -5*g + 30, a - 357 - 114 = g. Calculate the greatest common divisor of a and 396.
9
Let v(f) = 36*f**2 - f + 7. Let b be v(3). Let i be 0/2 + 2 + b. Suppose 5*l - i = 2*l. Calculate the greatest common factor of l and 10.
10
Let h(l) = l**2 + 45*l - 638. Let q be h(-65). Calculate the greatest common divisor of 2979 and q.
331
Suppose 3059*j - 92094 = 3045*j + 103374. What is the greatest common divisor of j and 1432?
358
Let k be 238 - (-6 + -17 + 21). What is the greatest common divisor of 240 and k?
240
Let u = -218 + 358. Suppose -3*i - 520 = 4*n - 5*n, -2*n = -2*i - 1020. Let c = n - 477. What is the greatest common factor of u and c?
28
Suppose 36*z - 67574 = 8*z + 168410. Calculate the greatest common factor of 49 and z.
49
Let j = 6 - -4. Let f(n) = 279*n**2 - 14*n - 6 + n**3 - 322*n**2 + 35*n**2. Let i be f(j). What is the highest common divisor of i and 72?
18
Let l = -86 - -145. Suppose -l + 43 = -2*y. Calculate the highest common factor of y and 240.
8
Suppose 0 = 5*i - 20, -4*j + j - i = -154. Suppose 0 = -26*o + 281703 - 278453. What is the greatest common factor of o and j?
25
Suppose 284*u = 285*u + 2*k - 2, -3*u - 2*k + 22 = 0. What is the greatest common divisor of 12370 and u?
10
Suppose 5*z = 3*o + 50, -127*z + 123*z + 3*o = -40. What is the greatest common divisor of z and 5040?
10
Let v(s) = 8*s**2 + 2*s - 8. Let d be v(-4). Let j = 7 - 3. Suppose j*r - 2*n = d, 170 = 5*r + 4*n + n. What is the highest common factor of r and 15?
15
Let a(i) = 3*i**2 + 63*i + 71. Let r be a(-20). What is the greatest common factor of r and 451?
11
Let x(u) = -u**3 + u**2 - 2*u - 3. Let n be x(-3). Suppose 4*s + 1042 - 202 = 0. Let m = -197 - s. Calculate the greatest common factor of m and n.
13
Let h(c) = -18*c - 54. Let x be h(-4). Suppose 3*r + 8 = -2*l + 4, r + 4*l = -x. Calculate the highest common divisor of r and 2.
2
Let j(h) = 5*h**2 - 13*h - 50. Let x be j(10). Let f = x - 314. What is the greatest common divisor of f and 186?
6
Let g = 13 + -13. Suppose -2*u = 2*n - 48, g*u + 5*n = -2*u + 60. What is the highest common factor of u and 220?
20
Let v be (10/(-6))/((-1470)/63504). Suppose 0 = 4*k + 3*t - 96, -k = -6*k - 3*t + 123. Calculate the greatest common divisor of k and v.
9
Let g(c) = -c**3 - 10*c**2 + 23*c - 20. Let j be g(-12). Let l(x) = -x**3 - 7*x**2 + 6*x - 1. Let t be l(j). What is the highest common divisor of 75 and t?
15
Let l be ((-131)/7 - -17)/(3/(-28)). Calculate the greatest common divisor of l and 1616.
16
Let d = 335 - 235. Calculate the greatest common factor of 9650 and d.
50
Let y be 82/26 - (-10)/(-65). Suppose 2*c = -5*i + 305, 3*i - y*c - 220 = -58. What is the highest common divisor of 59 and i?
59
Let i be 240/(-9)*39/26. Let p be (-31 - i)/(6/22). What is the highest common factor of p and 6?
3
Suppose 263 = 2*g - 149. Let m = 367 - g. Let o = -81 + m. Calculate the highest common divisor of o and 32.
16
Suppose -52350 = -33*t + 11142. Calculate the greatest common factor of 222 and t.
74
Let q be ((-172)/6)/(12/(-54)). What is the highest common divisor of q and 3?
3
Let x be 43 + -15 - 6/2. Let i = x + -23. Let t(u) = u**2 - 9*u + 10. Let n be t(8). What is the highest common factor of i and n?
2
Let w(s) = s**3 - 22*s**2 - 50*s - 18. Let x be w(26). Let a be -18*(x/(-12))/7. What is the highest common factor of a and 11?
11
Let j(t) = -9*t**3 - 4*t**2 - 4*t - 13. Let n be j(-4). Let u = -505 + n. Suppose 0*g - 2*g = -20. What is the greatest common divisor of u and g?
10
Suppose -5*n + 179 = -4*h, 906*h - 31 = -n + 908*h. Let z(r) = 40*r - 2. Let m be z(2). What is the greatest common factor of n and m?
39
Suppose -6*g + 9 = -33. Let a be 152 + (-6)/g*70/(-15). Let x be (-440)/a*-12 - 4/(-26). Calculate the greatest common divisor of 238 and x.
34
Let v = 5007 + -4071. Calculate the highest common factor of 18 and v.
18
Suppose 0 = 252*s - 65498 - 51682. Calculate the highest common divisor of s and 165.
15
Suppose 8*t - 81 - 31 = 0. Let j be 6/t + 585/105. Suppose 5*p - 2*y + j*y - 27 = 0, -2*p = -2*y. What is the highest common factor of p and 2?
1
Let b(x) = 818*x + 17199. Let j be b(-21). Let k be (2 + 1 - 2) + 20. Calculate the highest common factor of k and j.
21
Let y(h) = -16*h**2 - 8*h - 4. Let l be y(-2). Let o = -52 - l. Suppose o = d + 28 - 36. Calculate the greatest common divisor of 80 and d.
8
Let j(g) = 914*g + 17374. Let w be j(-19). What is the highest common factor of w and 30584?
8
Let a(c) = c**3 - 3*c**2 - 4*c - 3. Let l be a(5). Let k be ((-9)/(-3))/((-3)/6). Let b be 0/(k - -3) + 3. What is the greatest common factor of l and b?
3
Suppose 23382 + 86239 = 81*t + 22141. What is the highest common factor of t and 330?
30
Let n(s) = -293*s - 1695. Let v be n(-6). What is the greatest common divisor of v and 7?
7
Suppose 106885 - 332250 = -35*f. Calculate the greatest common factor of 235 and f.
47
Let q(a) = 41 + 23*a - 42*a + 22*a. Let d be q(-7). Calculate the greatest common factor of 340 and d.
20
Suppose 5*r = -2*w + 2129 - 637, 3*w + 5*r - 2248 = 0. Suppose -i + w = 11*i. Let j be (1 - -2)/((-2)/(-6)). Calculate the greatest common factor of j and i.
9
Let o(u) = -25*u**3 + 2*u**2 + 2*u + 1. Let j be o(-1). Let x be 28/3*(45/6)/5. Suppose -116 - x = -2*m. What is the highest common divisor of m and j?
13
Let r(s) = 5*s**2 - 8*s + 14. Let u be (320/60)/(0 - (-2)/3). Let z be r(u). Calculate the highest common factor of z and 30.
30
Let d(g) = -g**2 - 53*g + 107. Let r be d(-51). What is the greatest common factor of 152 and r?
19
Let g(f) = 7*f**2 + 97*